a multiple of 5?
False
Does 487 divide 134661?
False
Does 86 divide 1673831?
False
Is 2087184 a multiple of 4?
True
Is 11 a factor of 167882?
True
Is 2385456 a multiple of 16?
True
Is 56 a factor of 1941912?
True
Is 8 a factor of 188928?
True
Does 320 divide 79771?
False
Is 235 a factor of 53110?
True
Is 66 a factor of 64548?
True
Is 17 a factor of 258684?
False
Is 272032 a multiple of 197?
False
Does 16 divide 85239?
False
Does 50 divide 5021300?
True
Is 10 a factor of 620031?
False
Is 76704 a multiple of 408?
True
Does 5 divide 34050?
True
Is 42943 a multiple of 44?
False
Is 11 a factor of 231012?
False
Does 201 divide 297687?
False
Is 15 a factor of 413610?
True
Is 50 a factor of 3688300?
True
Is 130 a factor of 513370?
True
Is 746235 a multiple of 103?
True
Does 89 divide 625047?
True
Does 11 divide 262708?
False
Is 58 a factor of 30011057?
False
Does 311 divide 2757794?
False
Is 1206671 a multiple of 46?
False
Does 60 divide 47460?
True
Is 9400972 a multiple of 779?
True
Is 85 a factor of 666833?
False
Is 1808347 a multiple of 54?
False
Does 7 divide 67228?
True
Is 6003675 a multiple of 45?
True
Does 194 divide 120622?
False
Is 14 a factor of 459788?
True
Is 2828840 a multiple of 70?
True
Is 307192 a multiple of 152?
True
Does 13 divide 6175?
True
Does 7 divide 1063559?
True
Is 11 a factor of 41210?
False
Is 79342 a multiple of 3?
False
Is 745120 a multiple of 20?
True
Is 16550 even?
True
Is 710 a factor of 5332810?
True
Is 27 a factor of 1568754?
True
Is 274 a factor of 173256?
False
Is 116910 a multiple of 186?
False
Does 32 divide 36515?
False
Is 12342554 a multiple of 345?
False
Is 323 a factor of 2135353?
True
Is 20462518 a multiple of 1613?
True
Is 66 a factor of 5364767?
False
Does 681 divide 256056?
True
Does 104 divide 209504?
False
Is 63 a factor of 30555?
True
Is 3605776 a multiple of 37?
False
Is 1065 a factor of 2465764?
False
Is 481 a factor of 12062518?
True
Is 309778 a multiple of 98?
True
Is 182504 a multiple of 28?
True
Does 206 divide 14537?
False
Is 139439 a multiple of 42?
False
Is 786697 a multiple of 453?
False
Is 109710 a multiple of 3?
True
Does 87 divide 787629?
False
Is 53 a factor of 558201?
False
Is 423449 a multiple of 18?
False
Does 10 divide 167390?
True
Is 14 a factor of 68345?
False
Is 5346016 a multiple of 456?
False
Does 104 divide 154232?
True
Is 191360 a multiple of 230?
True
Does 157 divide 218230?
True
Is 3559460 a multiple of 580?
True
Is 110992 a multiple of 5?
False
Is 272593 a multiple of 67?
False
Is 4750197 a multiple of 134?
False
Does 48 divide 3909216?
True
Is 14 a factor of 7082?
False
Is 20 a factor of 444260?
True
Does 443 divide 5115325?
False
Is 41 a factor of 12033156?
False
Does 5 divide 3858789?
False
Does 81 divide 15147?
True
Does 1166 divide 6615135?
False
Is 204 a factor of 153000?
True
Does 2014 divide 9502052?
True
Does 11 divide 118169?
False
Is 560448 a multiple of 556?
True
Does 93 divide 114455?
False
Is 56562 even?
True
Is 722364 a multiple of 525?
False
Does 7 divide 12591?
False
Is 78 a factor of 1991262?
True
Is 360968 a multiple of 13?
False
Is 23 a factor of 866624?
False
Is 23950 a multiple of 11?
False
Does 5 divide 21027?
False
Does 64 divide 691328?
True
Does 426 divide 5856278?
False
Is 1721310 a multiple of 15?
True
Does 3 divide 67320?
True
Is 761350 a multiple of 50?
True
Is 31 a factor of 20848?
False
Is 12917 a multiple of 10?
False
Does 101 divide 54703?
False
Is 213588 a multiple of 624?
False
Is 119501 a multiple of 73?
True
Is 342 a factor of 8369195?
False
Is 1237481 a multiple of 4?
False
Is 11 a factor of 20902629?
True
Is 318 a factor of 3823213?
False
Is 23291130 a multiple of 22?
False
Is 6 a factor of 413190?
True
Is 91 a factor of 226135?
True
Is 132468 a multiple of 5?
False
Is 225913 a multiple of 67?
False
Does 522 divide 530874?
True
Is 14496 a multiple of 16?
True
Is 7718 a multiple of 103?
False
Is 11829870 a multiple of 90?
True
Is 5855 a multiple of 4?
False
Does 140 divide 273084?
False
Is 36943 even?
False
Is 206 a factor of 54893?
False
Is 3 a factor of 530002?
False
Is 151 a factor of 251868?
True
Is 37356 a multiple of 44?
True
Does 216 divide 100557?
False
Does 3 divide 72811?
False
Is 6020490 a multiple of 212?
False
Is 401 a factor of 9679?
False
Is 20 a factor of 118200?
True
Is 41 a factor of 497494?
True
Does 51 divide 14689938?
True
Is 3750 a multiple of 3?
True
Does 6 divide 627119?
False
Is 590 a factor of 678995?
False
Does 333 divide 107892?
True
Is 185370 a multiple of 435?
False
Is 181064 a multiple of 13?
True
Does 19 divide 152532?
True
Is 146160 a multiple of 21?
True
Does 13 divide 2300563?
False
Does 30 divide 1153020?
True
Does 27 divide 7139063?
False
Is 318 a factor of 8753904?
True
Does 22 divide 16421?
False
Is 7596512 a multiple of 16?
True
Does 14 divide 1062614?
True
Is 958296 a multiple of 151?
False
Is 632115 a multiple of 15?
True
Is 340 a factor of 1017602?
False
Is 11 a factor of 190113?
True
Is 3091393 a multiple of 25?
False
Does 85 divide 2809212?
False
Is 783162 a multiple of 18?
True
Does 529 divide 8840291?
False
Does 22 divide 2280762?
True
Is 7 a factor of 2464?
True
Does 36 divide 205040?
False
Is 347 a factor of 1129138?
True
Does 142 divide 47129?
False
Is 3208800 a multiple of 600?
True
Is 2732625 a multiple of 1041?
True
Is 506049 a multiple of 164?
False
Is 12386010 a multiple of 13?
True
Is 186 a factor of 2305842?
True
Is 4 a factor of 228396?
True
Is 3 a factor of 13739?
False
Does 76 divide 164692?
True
Does 14 divide 5516?
True
Is 137 a factor of 55074?
True
Is 370635 a multiple of 74?
False
Does 172 divide 169764?
True
Is 31581 a multiple of 19?
False
Is 3 a factor of 76059?
True
Is 6448695 a multiple of 187?
True
Does 5 divide 98910?
True
Does 35 divide 197534?
False
Is 18 a factor of 1606487?
False
Does 70 divide 4949210?
True
Does 1250 divide 1703025?
False
Is 1896345 a multiple of 256?
False
Is 53 a factor of 66674?
True
Is 129 a factor of 560634?
True
Is 118 a factor of 17134?
False
Does 66 divide 1796586?
True
Is 344 a factor of 689258?
False
Is 6 a factor of 86538?
True
Is 176276 a multiple of 254?
True
Is 3744608 a multiple of 34?
False
Is 130 a factor of 278590?
True
Is 434148 a multiple of 143?
True
Does 13 divide 6825858?
True
Is 549 a factor of 1127000?
False
Does 6 divide 47853?
False
Is 8 a factor of 1035064?
True
Is 401892 a multiple of 17?
False
Is 45 a factor of 74835?
True
Is 32604 a multiple of 13?
True
Is 18 a factor of 930459?
False
Is 17 a factor of 21970614?
False
Does 12 divide 1415470?
False
Is 2382104 a multiple of 102?
False
Is 10 a factor of 2924980?
True
Does 22 divide 71852?
True
Is 2598806 a multiple of 406?
True
Is 1183652 a multiple of 27?
False
Is 272225 a multiple of 25?
True
Is 57315 a multiple of 3?
True
Is 2928692 a multiple of 34?
True
Is 144 a factor of 1062288?
True
Is 43270 a multiple of 5?
True
Does 702 divide 4466826?
True
Does 405 divide 4019641?
False
Does 13 divide 74555?
True
Does 211 divide 4580948?
False
Is 10 a factor of 6450?
True
Is 3728276 a multiple of 58?
False
Does 35 divide 565593?
False
Is 142086 a multiple of 17?
True
Is 5036567 a multiple of 1061?
True
Is 22637080 a multiple of 44?
False
Does 17 divide 2466116?
False
Does 73 divide 564443?
False
Is 105 a factor of 565110?
True
Is 2236021 a multiple of 271?
True
Is 106 a factor of 99746?
True
Is 102612 a multiple of 204?
True
Is 1082 a factor of 9934924?
True
Is 1071950 a multiple of 42?
False
Is 37 a factor of 4296928?
False
Is 16 a factor of 2876144?
True
Does 10 divide 5150?
True
Is 1982016 a multiple of 32?
True
Is 2574942 a multiple of 46?
True
Does 6 divide 374975?
False
Does 43 divide 3750933?
True
Is 182315 a multiple of 183?
False
Is 14 a factor of 1218?
True
Is 21 a factor of 678487?
False
Is 23 a factor of 50370?
True
Is 69885 a multiple of 19?
False
Does 72 divide 141408?
True
Is 800173 a multiple of 17?
True
Is 28160 a multiple of 62?
False
Does 65 divide 4751735?
False
Is 62 a factor of 6187662?
True
Is 12 a factor of 5643360?
True
Is 7 a factor of 500172?
False
Is 557 a factor of 10721681?
False
Does 159 divide 1929100?
False
Is 2063373 a multiple of 41?
False
Does 160 divide 68800?
True
Does 108 divide 57240?
True
Is 9 a factor of 187720?
False
Does 75 